177634*y + 38901852. Give l(-219).
6
Let h(j) = j**2 + 136*j - 3561. Determine h(-157).
-264
Let y(u) = 2*u**3 - 165*u**2 - 97*u + 42. Give y(83).
-1120
Let g(d) = -4*d**3 - 14*d**2 - 67*d - 67. What is g(-4)?
233
Let l(o) = 2984*o - 569976. Determine l(191).
-32
Let f(c) = -33*c**3 + 33*c**2 + 41*c - 109. Determine f(3).
-580
Let y(h) = -13*h**2 - 2856*h + 138958. Give y(41).
9
Let n(f) = 3*f**3 - 5*f**2 - 1185*f - 44. Give n(-19).
89
Let k(i) = -21*i**2 - 1627*i + 3248. Give k(2).
-90
Let m(y) = -2*y**3 + 175*y**2 + 4554*y - 58. Determine m(-21).
5
Let o(t) = 25273*t - 783467. Give o(31).
-4
Let s(y) = 1069*y - 2340. Determine s(2).
-202
Let z(u) = u**3 + 19*u**2 - 160*u + 59. What is z(-25)?
309
Let o(t) = 116*t**2 - 1355*t + 1356. Determine o(1).
117
Let o(g) = g**3 - g**2 - 25*g - 52. Give o(11).
883
Let s(k) = -1329*k - 20778. Determine s(-16).
486
Let u(a) = 9*a**3 - 7*a**2 + 250*a + 994. What is u(-4)?
-694
Let f(u) = -1833*u + 4495. Calculate f(3).
-1004
Let q(m) = 26477*m + 317615. Give q(-12).
-109
Let d(j) = 4800*j**2 + 95994*j - 117. Determine d(-20).
3
Let z(b) = 205491*b + 410902. Determine z(-2).
-80
Let l(t) = -t**3 - 6*t**2 + 358*t - 27. What is l(-23)?
732
Let b(k) = -46*k**2 - 1611*k - 13175. Give b(-13).
-6
Let a(c) = -13*c**3 - 261*c**2 - 38*c - 83. Calculate a(-20).
277
Let i(z) = 123*z - 7761. Calculate i(73).
1218
Let z(a) = -2269*a - 2781807. Determine z(-1226).
-13
Let h(c) = 176*c - 61250. Give h(348).
-2
Let t(k) = -6*k**2 - 202*k - 508. What is t(-31)?
-12
Let m(s) = 30*s**3 - 135*s**2 - 530*s - 66. What is m(7)?
-101
Let t(m) = m**2 - 13080*m + 39. Give t(0).
39
Let o(n) = 5832*n - 139973. Determine o(24).
-5
Let q(t) = -133*t**2 + 801*t - 557. Give q(5).
123
Let p(k) = -5153*k - 1009961. Calculate p(-196).
27
Let z(s) = -2*s**2 - 6270*s - 284197. Give z(-46).
-9
Let n(j) = 279982*j + 1959862. Calculate n(-7).
-12
Let z(d) = -488*d**3 + 8297*d**2 - 27*d + 117. Give z(17).
-53
Let n(l) = -28*l - 2740. Calculate n(-65).
-920
Let r(o) = 22*o**3 + 143*o**2 + 16*o + 68. Determine r(-9).
-4531
Let k(w) = 2*w**2 - 95*w - 2746. What is k(-20)?
-46
Let u(p) = -32274*p - 32264. What is u(-1)?
10
Let y(n) = -n**2 + 4374*n - 2703628. Calculate y(745).
-23
Let o(y) = -y**3 - 2*y**2 + 3797*y + 22634. Give o(-6).
-4
Let c(o) = -o**3 - 2*o**2 - 17*o + 12. Give c(7).
-548
Let d(h) = 1694*h**2 + 25406*h - 7. Determine d(-15).
53
Let w(u) = -u**3 - 442*u**2 - 1685*u + 29381. What is w(-438)?
35
Let q(h) = -988*h - 497054. Calculate q(-503).
-90
Let b(o) = -247*o - 2972. Determine b(-15).
733
Let x(o) = -15*o**2 - 121*o - 469. Give x(-4).
-225
Let p(u) = u**3 - 149*u**2 - 3068*u - 20835. Calculate p(168).
-3
Let t(l) = 142970*l + 571843. Determine t(-4).
-37
Let r(d) = -4*d**3 + 53*d**2 - 129*d - 32. Determine r(10).
-22
Let c(h) = 25*h**2 + 399*h - 1836. Give c(5).
784
Let y(h) = 507392*h - 13699589. Calculate y(27).
-5
Let g(c) = -4*c - 963. Determine g(-79).
-647
Let n(i) = -334680*i - 2008084. Determine n(-6).
-4
Let i(g) = -g**3 + 101*g**2 + 9*g - 896. Give i(101).
13
Let i(q) = -2*q**2 + 800*q + 21133. Give i(-25).
-117
Let w(d) = -18977*d + 2163357. What is w(114)?
-21
Let q(t) = -t**3 + 63*t**2 - 898*t - 1999. Give q(27).
-1
Let o(z) = 51*z - 10839. Calculate o(207).
-282
Let b(a) = -271551*a - 1086227. Determine b(-4).
-23
Let n(d) = 2*d**3 + 175*d**2 + 87*d + 57. What is n(-87)?
57
Let y(j) = -4412*j + 49. What is y(0)?
49
Let f(d) = -370*d - 5423. Determine f(-15).
127
Let n(r) = -3*r**2 - 1319*r + 12112. Calculate n(9).
-2
Let c(s) = -s**3 + 355*s**2 - 25500*s + 6. Determine c(100).
6
Let m(k) = -2*k**2 + 15700*k - 94178. Calculate m(6).
-50
Let z(y) = 3486*y + 4137877. Give z(-1187).
-5
Let j(s) = -1811*s + 30776. Determine j(17).
-11
Let s(b) = -b**2 + 1029*b + 83017. Determine s(-75).
217
Let u(r) = 190*r - 11182. Calculate u(58).
-162
Let h(q) = -6531*q + 45729. Give h(7).
12
Let j(f) = -4276*f + 201338. What is j(47)?
366
Let w(g) = -3*g**3 - 200*g**2 + 958*g + 156. What is w(-71)?
-2329
Let r(q) = 12756*q + 1875118. Calculate r(-147).
-14
Let u(q) = q**3 - 1084*q**2 - 8718*q - 19645. Give u(1092).
11
Let b(v) = 7*v**2 + 40*v - 57. Give b(-7).
6
Let t(f) = 103*f - 99. What is t(7)?
622
Let v(w) = -2620*w - 12422. What is v(-5)?
678
Let n(a) = 12*a**2 - 56*a - 1017. What is n(-15)?
2523
Let g(c) = -196*c + 6543. Give g(33).
75
Let n(o) = -4*o**2 + 412*o + 1097. Determine n(105).
257
Let u(p) = -315*p + 3168. Determine u(11).
-297
Let g(m) = 4913*m - 93367. What is g(19)?
-20
Let l(y) = -y**2 + 10*y + 783. Calculate l(32).
79
Let w(d) = 27647*d - 110493. Calculate w(4).
95
Let c(j) = 398933*j + 3989304. Give c(-10).
-26
Let i(p) = 2*p**3 - 17*p**2 - 97*p - 197. What is i(13)?
63
Let l(n) = -4805*n + 1258905. Calculate l(262).
-5
Let b(p) = -p**3 - 148*p**2 - 425*p - 1505. What is b(-145)?
-2955
Let d(q) = 17609*q - 1479135. Calculate d(84).
21
Let i(u) = 159*u - 6725. Calculate i(37).
-842
Let s(l) = -46*l + 1500. Calculate s(18).
672
Let b(h) = 452*h + 20600. What is b(-44)?
712
Let c(g) = -g**2 + 2295*g - 56740. Determine c(25).
10
Let o(p) = -p**3 - 503*p**2 + 196331*p + 1810. Give o(258).
4
Let s(x) = -x**3 + 131*x**2 + 578*x - 23739. Give s(134).
-155
Let p(g) = 249134*g + 1494843. What is p(-6)?
39
Let k(y) = y**2 - 1180*y + 16271. What is k(14)?
-53
Let k(o) = -10160*o - 1493505. Determine k(-147).
15
Let w(z) = -3*z**3 + 952*z**2 + 1668*z - 328171. Determine w(318).
5
Let m(z) = -2*z**3 + 79*z**2 - 222*z + 18114. Calculate m(42).
-30
Let w(f) = 1753*f + 255948. Determine w(-146).
10
Let w(g) = -31310*g - 71230254. Give w(-2275).
-4
Let s(y) = 3*y**2 - 319*y - 9761. Give s(128).
-1441
Let t(b) = -23*b**2 - 401*b - 1226. Give t(-17).
-1056
Let d(l) = -l**2 - 493*l - 10392. What is d(-471)?
-30
Let p(m) = 9*m**3 + 73*m**2 - 991*m - 2278. What is p(-2)?
-76
Let j(t) = 1639*t + 24815. What is j(-15)?
230
Let c(x) = -194*x**3 - 5049*x**2 - 152*x - 573. Determine c(-26).
-1
Let s(u) = 7438*u + 215727. What is s(-29)?
25
Let b(z) = 5174*z + 163839. Give b(-32).
-1729
Let x(w) = -12*w**2 - 157*w + 2750. What is x(11)?
-429
Let k(i) = -2*i**2 + 34*i - 600. What is k(15)?
-540
Let b(z) = z**2 - 10*z - 762. What is b(32)?
-58
Let m(w) = w**3 + 6*w**2 + 416*w + 3456. Give m(-8).
0
Let a(n) = -9159*n - 91580. What is a(-10)?
10
Let w(v) = -10*v**2 + 1366*v - 16690. Determine w(123).
38
Let m(y) = 3*y**3 - 641*y**2 + 1916*y - 19. Calculate m(3).
41
Let o(p) = 3385053*p - 3385065. Determine o(1).
-12
Let z(p) = -315395*p - 17031339. What is z(-54)?
-9
Let z(c) = 35952*c + 7549921. Give z(-210).
1
Let y(m) = -2*m**2 + 517*m + 9623. Calculate y(276).
-37
Let f(j) = -8*j**3 - 1458*j**2 - 276*j + 16021. Calculate f(-182).
5
Let a(v) = 166*v**2 + 20417*v + 33. Determine a(-123).
156
Let l(v) = -701*v - 55397. Calculate l(-79).
-18
Let o(m) = 1005*m + 187971. Calculate o(-187).
36
Let j(d) = 6801*d + 530451. Determine j(-78).
-27
Let l(c) = -2792*c - 458369. What is l(-164)?
-481
Let f(k) = -17*k**2 + 6*k + 300. Determine f(-4).
4
Let r(g) = -5*g**3 + 91*g**2 - 372*g - 16. What is r(12)?
-16
Let j(a) = 61*a - 3707. Give j(59).
-108
Let j(s) = 4*s - 1203. What is j(295)?
-23
Let p(t) = 96*t**3 - 439*t**2 + 453*t - 13. Give p(1).
97
Let q(a) = -a**3 + 70*a**2 - 41*a - 1468. What is q(69)?
464
Let p(u) = 972957*u - 16540258. Determine p(17).
11
Let d(o) = -79470*o - 158920. Give d(-2).
20
Let y(r) = -43*r**2 - 1672*r - 15730. Calculate y(-23).
-21
Let w(j) = 5*j**3 - 132*j**2 + 52*j - 82. Calculate w(26).
-82
Let h(j) = -149*j + 4605. Give h(29).
284
Let s(u) = -361*u**2 + 2169*u - 24. Calculate s(6).
-6
Let v(w) = 1595*w + 16071. What is v(-10)?
121
Let c(j) = -38*j**2 + 16959*j - 4851. Give c(446).
55
Let q(l) = 931291*l - 2793823. Determine q(3).
50
Let w(i) = i**2 + 74*i - 2235. Give w(-65).
-2820
Let s(j) = -j**3 - 139*j**2 + 47301*j - 24128. Give s(-298).
10
Let n(m) = 298210*m - 1490876. Give n(5).
174
Let p(l) = 60*l**2 - 4999*l + 171. Give p(84).
3615
Let f(j) = -j**2 - 39*j + 121746. Calculate f(-369).
-24
Let h(t) = t**3 + 67*t**2 - 720*t + 41816. What is h(-82)?
-4
Let b(a) = 10*a**3 - 2351*a**2 + 231*a + 4467. Determine b(235).
3527
Let o(u) = 50*u - 31. What is o(-2)?
-131
Let m(n) = -1017*n - 555340. What is m(-546